der when 8303878 is divided by 38.
4
Calculate the remainder when 150731444 is divided by 20.
4
Calculate the remainder when 483254781 is divided by 64.
61
Calculate the remainder when 180275 is divided by 180020.
255
Calculate the remainder when 5563210 is divided by 927199.
16
Calculate the remainder when 28698818 is divided by 102863.
41
Calculate the remainder when 2688152 is divided by 610.
492
Calculate the remainder when 189078278 is divided by 3.
2
What is the remainder when 1482966 is divided by 3122?
16
What is the remainder when 275065 is divided by 39087?
1456
Calculate the remainder when 85708888 is divided by 430.
428
Calculate the remainder when 73321894 is divided by 223.
163
What is the remainder when 177918 is divided by 1650?
1368
Calculate the remainder when 102751618 is divided by 14678802.
4
What is the remainder when 17535 is divided by 883?
758
Calculate the remainder when 1589927 is divided by 180.
167
What is the remainder when 800788 is divided by 499?
392
Calculate the remainder when 956530 is divided by 955643.
887
What is the remainder when 5879570 is divided by 2939506?
558
Calculate the remainder when 818032 is divided by 459.
94
What is the remainder when 19623556 is divided by 65?
56
What is the remainder when 5084848 is divided by 684?
676
What is the remainder when 4678382 is divided by 753?
746
What is the remainder when 1985500 is divided by 397091?
45
What is the remainder when 2235652 is divided by 1686?
16
What is the remainder when 193668 is divided by 193632?
36
What is the remainder when 45016 is divided by 22465?
86
What is the remainder when 2725377 is divided by 386?
217
What is the remainder when 27506713 is divided by 14741?
7
What is the remainder when 46656201 is divided by 39?
33
Calculate the remainder when 20746875 is divided by 421.
416
Calculate the remainder when 66192 is divided by 65878.
314
Calculate the remainder when 21113 is divided by 6938.
299
Calculate the remainder when 1286599 is divided by 116961.
28
What is the remainder when 546909 is divided by 13339?
10
What is the remainder when 9698362 is divided by 323278?
22
Calculate the remainder when 33307393 is divided by 551.
545
Calculate the remainder when 14379362 is divided by 385.
382
What is the remainder when 30938059 is divided by 1113?
1111
What is the remainder when 29070756 is divided by 46?
44
What is the remainder when 22491315 is divided by 200?
115
Calculate the remainder when 146252 is divided by 36551.
48
What is the remainder when 127996 is divided by 2971?
243
Calculate the remainder when 20661 is divided by 5960.
2781
What is the remainder when 1236580 is divided by 7186?
588
Calculate the remainder when 12984372 is divided by 246.
0
Calculate the remainder when 2624597 is divided by 971.
955
What is the remainder when 6201084 is divided by 1178?
92
Calculate the remainder when 3290860 is divided by 806.
768
What is the remainder when 63543967 is divided by 63543965?
2
Calculate the remainder when 13337926 is divided by 34.
32
What is the remainder when 564124 is divided by 16117?
29
Calculate the remainder when 179495 is divided by 59544.
863
What is the remainder when 9325712 is divided by 2331331?
388
What is the remainder when 10257542 is divided by 28?
22
What is the remainder when 9031669 is divided by 39098?
31
What is the remainder when 99174 is divided by 744?
222
Calculate the remainder when 38044372 is divided by 235.
222
What is the remainder when 64456 is divided by 3888?
2248
What is the remainder when 39874691 is divided by 1223?
1222
Calculate the remainder when 600753 is divided by 66726.
219
What is the remainder when 304362 is divided by 2116?
1774
What is the remainder when 222415 is divided by 18534?
7
What is the remainder when 34450 is divided by 5478?
1582
What is the remainder when 24662 is divided by 2194?
528
What is the remainder when 894158999 is divided by 360?
359
What is the remainder when 3371986 is divided by 1288?
2
What is the remainder when 13451343 is divided by 21?
3
What is the remainder when 135409134 is divided by 4387?
4379
Calculate the remainder when 7346750 is divided by 8444.
470
Calculate the remainder when 11860 is divided by 3359.
1783
Calculate the remainder when 19147 is divided by 6214.
505
What is the remainder when 109846 is divided by 2575?
1696
Calculate the remainder when 1153061 is divided by 8.
5
What is the remainder when 1132101 is divided by 2689?
32
What is the remainder when 28160238 is divided by 3978?
3954
What is the remainder when 895387 is divided by 178?
47
What is the remainder when 536235 is divided by 13104?
12075
What is the remainder when 134552 is divided by 8409?
8
Calculate the remainder when 40323675 is divided by 688.
683
What is the remainder when 125993983 is divided by 7883?
7877
Calculate the remainder when 24688 is divided by 10831.
3026
Calculate the remainder when 1882248 is divided by 45905.
143
Calculate the remainder when 2358726 is divided by 62.
60
What is the remainder when 97187 is divided by 96889?
298
Calculate the remainder when 93129 is divided by 181.
95
What is the remainder when 1977261 is divided by 17650?
461
Calculate the remainder when 14012055 is divided by 99.
90
Calculate the remainder when 217386 is divided by 217384.
2
What is the remainder when 41313700 is divided by 13488?
13444
Calculate the remainder when 24836 is divided by 17098.
7738
Calculate the remainder when 320335 is divided by 159603.
1129
What is the remainder when 4071293 is divided by 1103?
120
Calculate the remainder when 13524417 is divided by 342.
27
Calculate the remainder when 156159 is divided by 2520.
2439
What is the remainder when 374384 is divided by 6206?
2024
What is the remainder when 5085149 is divided by 1351?
1336
Calculate the remainder when 10464 is divided by 9771.
693
What is the remainder when 7451144 is divided by 4628?
64
Calculate the remainder when 2357245 is divided by 336749.
2
Calculate the remainder when 39231943 is divided by 16013.
93
Calculate the remainder when 1149262 is divided by 23449.
261
Calculate the remainder when 704987 is divided by 6080.
5787
Calculate the remainder when 89468 is divided by 6829.
691
What is the remainder when 608474 is divided by 11059?
229
Calculate the remainder when 39443433 is divided by 4623.
4620
Calculate the remainder when 22987236 is divided by 49.
13
What is the remainder when 381209 is divided by 8612?
2281
What is the remainder when 2470785 is divided by 775?
85
What is the remainder when 3474137 is divided by 1158034?
35
What is the remainder when 25511149 is divided by 71?
68
What is the remainder when 203125 is divided by 790?
95
What is the remainder when 550410 is divided by 18?
6
Calculate the remainder when 792833 is divided by 222.
71
What is the remainder when 1982913 is divided by 466?
83
What is the remainder when 165139418 is divided by 1203?
1202
Calculate the remainder when 23209 is divided by 11578.
53
Calculate the remainder when 133802566 is divided by 33450639.
10
Calculate the remainder when 9479935 is divided by 1216.
1215
What is the remainder when 25805101 is divided by 284?
9
Calculate the remainder when 143193 is divided by 1452.
897
Calculate the remainder when 9941707 is divided by 1069.
7
Calculate the remainder when 8661375 is divided by 240592.
63
Calculate the remainder when 6398581 is divided by 2132860.
1
Calculate the remainder when 8681182 is divided by 4690.
4682
What is the remainder when 18292729 is divided by 300?
229
What is the remainder when 125544 is divided by 587?
513
Calculate the remainder when 70385 is divided by 1302.
77
Calculate the remainder when 1902176 is divided by 105673.
62
What is the remainder when 2561169 is divided by 55677?
27
What is the remainder when 284940399 is divided by 50?
49
Calculate the remainder when 123213067 is divided by 41071017.
16
Calculate the remainder when 652807 is divided by 980.
127
What is the remainder when 174394 is divided by 63?
10
What is the remainder when 85833 is divided by 85801?
32
Calculate the remainder when 13095195 is divided by 6547595.
5
What is the remainder when 547084 is divided by 28?
20
Calculate the remainder when 158547 is divided by 859.
491
Calculat